[INFO] cloning repository https://github.com/PizzaCrust/replayskimmer
[INFO] running `Command { std: "git" "-c" "credential.helper=" "-c" "credential.helper=/workspace/cargo-home/bin/git-credential-null" "clone" "--bare" "https://github.com/PizzaCrust/replayskimmer" "/workspace/cache/git-repos/https%3A%2F%2Fgithub.com%2FPizzaCrust%2Freplayskimmer", kill_on_drop: false }`
[INFO] [stderr] Cloning into bare repository '/workspace/cache/git-repos/https%3A%2F%2Fgithub.com%2FPizzaCrust%2Freplayskimmer'...
[INFO] running `Command { std: "git" "rev-parse" "HEAD", kill_on_drop: false }`
[INFO] [stdout] ab6aae98a19ac6376eee520584927d9f810e2417
[INFO] checking PizzaCrust/replayskimmer against master#af3c6e733a40e671550e0f0f5aeecaa13772ba56 for pr-74989
[INFO] running `Command { std: "git" "clone" "/workspace/cache/git-repos/https%3A%2F%2Fgithub.com%2FPizzaCrust%2Freplayskimmer" "/workspace/builds/worker-5/source", kill_on_drop: false }`
[INFO] [stderr] Cloning into '/workspace/builds/worker-5/source'...
[INFO] [stderr] done.
[INFO] validating manifest of git repo https://github.com/PizzaCrust/replayskimmer on toolchain af3c6e733a40e671550e0f0f5aeecaa13772ba56
[INFO] running `Command { std: "/workspace/cargo-home/bin/cargo" "+af3c6e733a40e671550e0f0f5aeecaa13772ba56" "read-manifest" "--manifest-path" "Cargo.toml", kill_on_drop: false }`
[INFO] started tweaking git repo https://github.com/PizzaCrust/replayskimmer
[INFO] removed path dependency bincode from git repo https://github.com/PizzaCrust/replayskimmer
[INFO] removed path dependency bitstream-io from git repo https://github.com/PizzaCrust/replayskimmer
[INFO] finished tweaking git repo https://github.com/PizzaCrust/replayskimmer
[INFO] tweaked toml for git repo https://github.com/PizzaCrust/replayskimmer written to /workspace/builds/worker-5/source/Cargo.toml
[INFO] crate git repo https://github.com/PizzaCrust/replayskimmer already has a lockfile, it will not be regenerated
[INFO] running `Command { std: "/workspace/cargo-home/bin/cargo" "+af3c6e733a40e671550e0f0f5aeecaa13772ba56" "fetch" "--locked" "--manifest-path" "Cargo.toml", kill_on_drop: false }`
[INFO] [stderr] warning: dependency (bincode) specified without providing a local path, Git repository, or version to use. This will be considered an error in future versions
[INFO] [stderr] warning: dependency (bitstream-io) specified without providing a local path, Git repository, or version to use. This will be considered an error in future versions
[INFO] [stderr]     Blocking waiting for file lock on package cache
[INFO] [stderr]     Updating crates.io index
[INFO] [stderr] error: the lock file /workspace/builds/worker-5/source/Cargo.lock needs to be updated but --locked was passed to prevent this
[INFO] [stderr] If you want to try to generate the lock file without accessing the network, use the --offline flag.
[INFO] the lockfile is outdated, regenerating it
[INFO] running `Command { std: "/workspace/cargo-home/bin/cargo" "+af3c6e733a40e671550e0f0f5aeecaa13772ba56" "generate-lockfile" "--manifest-path" "Cargo.toml" "-Zno-index-update", kill_on_drop: false }`
[INFO] running `Command { std: "/workspace/cargo-home/bin/cargo" "+af3c6e733a40e671550e0f0f5aeecaa13772ba56" "fetch" "--locked" "--manifest-path" "Cargo.toml", kill_on_drop: false }`
[INFO] [stderr] warning: dependency (bincode) specified without providing a local path, Git repository, or version to use. This will be considered an error in future versions
[INFO] [stderr] warning: dependency (bitstream-io) specified without providing a local path, Git repository, or version to use. This will be considered an error in future versions
[INFO] [stderr]     Blocking waiting for file lock on package cache
[INFO] running `Command { std: "docker" "create" "-v" "/var/lib/crater-agent-workspace/builds/worker-5/target:/opt/rustwide/target:rw,Z" "-v" "/var/lib/crater-agent-workspace/builds/worker-5/source:/opt/rustwide/workdir:ro,Z" "-v" "/var/lib/crater-agent-workspace/cargo-home:/opt/rustwide/cargo-home:ro,Z" "-v" "/var/lib/crater-agent-workspace/rustup-home:/opt/rustwide/rustup-home:ro,Z" "-e" "SOURCE_DIR=/opt/rustwide/workdir" "-e" "CARGO_TARGET_DIR=/opt/rustwide/target" "-e" "CARGO_HOME=/opt/rustwide/cargo-home" "-e" "RUSTUP_HOME=/opt/rustwide/rustup-home" "-w" "/opt/rustwide/workdir" "-m" "1610612736" "--user" "0:0" "--network" "none" "rustops/crates-build-env@sha256:d92eaeed33fa75130ca1ee6c8a01d1ffb62bac859dfdfb3450e3e5d1c0146529" "/opt/rustwide/cargo-home/bin/cargo" "+af3c6e733a40e671550e0f0f5aeecaa13772ba56" "metadata" "--no-deps" "--format-version=1", kill_on_drop: false }`
[INFO] [stdout] a12b4d2bdc19c001daa6cd12c587fac43739757c329a5ceadc03d864831c8a2d
[INFO] [stderr] WARNING: Your kernel does not support swap limit capabilities or the cgroup is not mounted. Memory limited without swap.
[INFO] running `Command { std: "docker" "start" "-a" "a12b4d2bdc19c001daa6cd12c587fac43739757c329a5ceadc03d864831c8a2d", kill_on_drop: false }`
[INFO] running `Command { std: "docker" "inspect" "a12b4d2bdc19c001daa6cd12c587fac43739757c329a5ceadc03d864831c8a2d", kill_on_drop: false }`
[INFO] running `Command { std: "docker" "rm" "-f" "a12b4d2bdc19c001daa6cd12c587fac43739757c329a5ceadc03d864831c8a2d", kill_on_drop: false }`
[INFO] [stdout] a12b4d2bdc19c001daa6cd12c587fac43739757c329a5ceadc03d864831c8a2d
[INFO] running `Command { std: "docker" "create" "-v" "/var/lib/crater-agent-workspace/builds/worker-5/target:/opt/rustwide/target:rw,Z" "-v" "/var/lib/crater-agent-workspace/builds/worker-5/source:/opt/rustwide/workdir:ro,Z" "-v" "/var/lib/crater-agent-workspace/cargo-home:/opt/rustwide/cargo-home:ro,Z" "-v" "/var/lib/crater-agent-workspace/rustup-home:/opt/rustwide/rustup-home:ro,Z" "-e" "SOURCE_DIR=/opt/rustwide/workdir" "-e" "CARGO_TARGET_DIR=/opt/rustwide/target" "-e" "CARGO_INCREMENTAL=0" "-e" "RUST_BACKTRACE=full" "-e" "RUSTFLAGS=--cap-lints=forbid" "-e" "CARGO_HOME=/opt/rustwide/cargo-home" "-e" "RUSTUP_HOME=/opt/rustwide/rustup-home" "-w" "/opt/rustwide/workdir" "-m" "1610612736" "--user" "0:0" "--network" "none" "rustops/crates-build-env@sha256:d92eaeed33fa75130ca1ee6c8a01d1ffb62bac859dfdfb3450e3e5d1c0146529" "/opt/rustwide/cargo-home/bin/cargo" "+af3c6e733a40e671550e0f0f5aeecaa13772ba56" "check" "--frozen" "--all" "--all-targets" "--message-format=json", kill_on_drop: false }`
[INFO] [stdout] 11bdde99a5a6439f48a25bff84747690c38d5949ca25c3a50c160700f0ee2fe5
[INFO] [stderr] WARNING: Your kernel does not support swap limit capabilities or the cgroup is not mounted. Memory limited without swap.
[INFO] running `Command { std: "docker" "start" "-a" "11bdde99a5a6439f48a25bff84747690c38d5949ca25c3a50c160700f0ee2fe5", kill_on_drop: false }`
[INFO] [stderr] warning: dependency (bincode) specified without providing a local path, Git repository, or version to use. This will be considered an error in future versions
[INFO] [stderr] warning: dependency (bitstream-io) specified without providing a local path, Git repository, or version to use. This will be considered an error in future versions
[INFO] [stderr]    Compiling proc-macro2 v1.0.21
[INFO] [stderr]    Compiling syn v1.0.40
[INFO] [stderr]    Compiling typenum v1.12.0
[INFO] [stderr]    Compiling serde_derive v1.0.116
[INFO] [stderr]    Compiling libc v0.2.77
[INFO] [stderr]     Checking gimli v0.22.0
[INFO] [stderr]     Checking cfg-if v0.1.10
[INFO] [stderr]     Checking adler v0.2.3
[INFO] [stderr]     Checking object v0.20.0
[INFO] [stderr]     Checking rustc-demangle v0.1.16
[INFO] [stderr]    Compiling unicode-segmentation v1.6.0
[INFO] [stderr]    Compiling libloading v0.6.3
[INFO] [stderr]     Checking opaque-debug v0.3.0
[INFO] [stderr]     Checking hex v0.4.2
[INFO] [stderr]     Checking bitstream-io v0.9.0
[INFO] [stderr]     Checking strum v0.18.0
[INFO] [stderr]    Compiling generic-array v0.14.4
[INFO] [stderr]    Compiling error-chain v0.12.4
[INFO] [stderr]    Compiling miniz_oxide v0.4.2
[INFO] [stderr]    Compiling heck v0.3.1
[INFO] [stderr]    Compiling quote v1.0.7
[INFO] [stderr]     Checking block-cipher v0.8.0
[INFO] [stderr]     Checking aes-soft v0.5.0
[INFO] [stderr]     Checking block-modes v0.6.1
[INFO] [stderr]     Checking addr2line v0.13.0
[INFO] [stderr]     Checking backtrace v0.3.50
[INFO] [stderr]    Compiling strum_macros v0.18.0
[INFO] [stderr]     Checking serde v1.0.116
[INFO] [stderr]     Checking serde_bytes v0.11.5
[INFO] [stderr]     Checking bincode v1.3.1
[INFO] [stderr]     Checking replayskimmer v0.1.0 (/opt/rustwide/workdir)
[INFO] [stdout] error[E0433]: failed to resolve: maybe a missing crate `data`?
[INFO] [stdout]  --> src/fnchunk.rs:7:12
[INFO] [stdout]   |
[INFO] [stdout] 7 | use crate::data::net::DemoFrame;
[INFO] [stdout]   |            ^^^^ maybe a missing crate `data`?
[INFO] [stdout] 
[INFO] [stdout] 
[INFO] [stdout] error[E0433]: failed to resolve: maybe a missing crate `data`?
[INFO] [stdout]  --> src/fnchunk.rs:8:12
[INFO] [stdout]   |
[INFO] [stdout] 8 | use crate::data::packet::PacketParser;
[INFO] [stdout]   |            ^^^^ maybe a missing crate `data`?
[INFO] [stdout] 
[INFO] [stdout] 
[INFO] [stdout] error[E0432]: unresolved import `crate::data`
[INFO] [stdout]  --> src/fnchunk.rs:6:12
[INFO] [stdout]   |
[INFO] [stdout] 6 | use crate::data::DataChunk;
[INFO] [stdout]   |            ^^^^ maybe a missing crate `data`?
[INFO] [stdout] 
[INFO] [stdout] 
[INFO] [stdout] warning: unused import: `Cursor`
[INFO] [stdout]  --> src/fnchunk.rs:2:21
[INFO] [stdout]   |
[INFO] [stdout] 2 | use std::io::{Read, Cursor};
[INFO] [stdout]   |                     ^^^^^^
[INFO] [stdout]   |
[INFO] [stdout]   = note: `#[warn(unused_imports)]` on by default
[INFO] [stdout] 
[INFO] [stdout] 
[INFO] [stdout] warning: unused imports: `FixintEncoding`, `VarintEncoding`
[INFO] [stdout]  --> src/uetypes.rs:6:23
[INFO] [stdout]   |
[INFO] [stdout] 6 | use bincode::config::{VarintEncoding, FixintEncoding};
[INFO] [stdout]   |                       ^^^^^^^^^^^^^^  ^^^^^^^^^^^^^^
[INFO] [stdout] 
[INFO] [stdout] 
[INFO] [stdout] warning: unused import: `bincode::Options`
[INFO] [stdout]   --> src/uetypes.rs:12:5
[INFO] [stdout]    |
[INFO] [stdout] 12 | use bincode::Options;
[INFO] [stdout]    |     ^^^^^^^^^^^^^^^^
[INFO] [stdout] 
[INFO] [stdout] 
[INFO] [stdout] warning: unused import: `UReplay`
[INFO] [stdout]  --> src/uchunk.rs:1:29
[INFO] [stdout]   |
[INFO] [stdout] 1 | use crate::ureplay::{Chunk, UReplay};
[INFO] [stdout]   |                             ^^^^^^^
[INFO] [stdout] 
[INFO] [stdout] 
[INFO] [stdout] warning: unused import: `std::io::Read`
[INFO] [stdout]  --> src/uchunk.rs:7:5
[INFO] [stdout]   |
[INFO] [stdout] 7 | use std::io::Read;
[INFO] [stdout]   |     ^^^^^^^^^^^^^
[INFO] [stdout] 
[INFO] [stdout] 
[INFO] [stdout] warning: unused import: `BlockCipher`
[INFO] [stdout]  --> src/uchunk.rs:8:46
[INFO] [stdout]   |
[INFO] [stdout] 8 | use aes_soft::block_cipher::{NewBlockCipher, BlockCipher};
[INFO] [stdout]   |                                              ^^^^^^^^^^^
[INFO] [stdout] 
[INFO] [stdout] 
[INFO] [stdout] warning: unused import: `aes_soft::block_cipher::generic_array::GenericArray`
[INFO] [stdout]  --> src/uchunk.rs:9:5
[INFO] [stdout]   |
[INFO] [stdout] 9 | use aes_soft::block_cipher::generic_array::GenericArray;
[INFO] [stdout]   |     ^^^^^^^^^^^^^^^^^^^^^^^^^^^^^^^^^^^^^^^^^^^^^^^^^^^
[INFO] [stdout] 
[INFO] [stdout] 
[INFO] [stdout] warning: unused import: `Aes128`
[INFO] [stdout]   --> src/uchunk.rs:11:16
[INFO] [stdout]    |
[INFO] [stdout] 11 | use aes_soft::{Aes128, Aes256};
[INFO] [stdout]    |                ^^^^^^
[INFO] [stdout] 
[INFO] [stdout] 
[INFO] [stdout] warning: unused import: `bincode::ErrorKind`
[INFO] [stdout]   --> src/uchunk.rs:13:5
[INFO] [stdout]    |
[INFO] [stdout] 13 | use bincode::ErrorKind;
[INFO] [stdout]    |     ^^^^^^^^^^^^^^^^^^
[INFO] [stdout] 
[INFO] [stdout] 
[INFO] [stdout] error[E0433]: failed to resolve: maybe a missing crate `data`?
[INFO] [stdout]  --> src/fnchunk.rs:7:12
[INFO] [stdout]   |
[INFO] [stdout] 7 | use crate::data::net::DemoFrame;
[INFO] [stdout]   |            ^^^^ maybe a missing crate `data`?
[INFO] [stdout] 
[INFO] [stdout] 
[INFO] [stdout] error[E0433]: failed to resolve: maybe a missing crate `data`?
[INFO] [stdout]  --> src/fnchunk.rs:8:12
[INFO] [stdout]   |
[INFO] [stdout] 8 | use crate::data::packet::PacketParser;
[INFO] [stdout]   |            ^^^^ maybe a missing crate `data`?
[INFO] [stdout] 
[INFO] [stdout] 
[INFO] [stdout] error[E0432]: unresolved import `crate::data`
[INFO] [stdout]  --> src/fnchunk.rs:6:12
[INFO] [stdout]   |
[INFO] [stdout] 6 | use crate::data::DataChunk;
[INFO] [stdout]   |            ^^^^ maybe a missing crate `data`?
[INFO] [stdout] 
[INFO] [stdout] 
[INFO] [stdout] error[E0433]: failed to resolve: maybe a missing crate `data`?
[INFO] [stdout]   --> src/lib.rs:45:16
[INFO] [stdout]    |
[INFO] [stdout] 45 |     use crate::data::packet::FVector;
[INFO] [stdout]    |                ^^^^ maybe a missing crate `data`?
[INFO] [stdout] 
[INFO] [stdout] 
[INFO] [stdout] error[E0433]: failed to resolve: maybe a missing crate `data`?
[INFO] [stdout]   --> src/lib.rs:46:16
[INFO] [stdout]    |
[INFO] [stdout] 46 |     use crate::data::net::NetworkGUID;
[INFO] [stdout]    |                ^^^^ maybe a missing crate `data`?
[INFO] [stdout] 
[INFO] [stdout] 
[INFO] [stdout] error[E0433]: failed to resolve: maybe a missing crate `data`?
[INFO] [stdout]   --> src/lib.rs:47:16
[INFO] [stdout]    |
[INFO] [stdout] 47 |     use crate::data::net::StringExt;
[INFO] [stdout]    |                ^^^^ maybe a missing crate `data`?
[INFO] [stdout] 
[INFO] [stdout] 
[INFO] [stdout] error[E0432]: unresolved import `crate::data`
[INFO] [stdout]   --> src/lib.rs:42:16
[INFO] [stdout]    |
[INFO] [stdout] 42 |     use crate::data::BitReader;
[INFO] [stdout]    |                ^^^^ maybe a missing crate `data`?
[INFO] [stdout] 
[INFO] [stdout] 
[INFO] [stdout] error[E0433]: failed to resolve: maybe a missing crate `data`?
[INFO] [stdout]   --> src/lib.rs:62:50
[INFO] [stdout]    |
[INFO] [stdout] 62 |         let mut reader = crate::data::bitreader::BitReader::new(&mut bytes, 8);
[INFO] [stdout]    |                                                  ^^^^^^^^^ not found in `crate::data::bitreader`
[INFO] [stdout]    |
[INFO] [stdout] help: consider importing this struct
[INFO] [stdout]    |
[INFO] [stdout] 38 |     use bitstream_io::BitReader;
[INFO] [stdout]    |
[INFO] [stdout] 
[INFO] [stdout] 
[INFO] [stdout] error[E0433]: failed to resolve: maybe a missing crate `data`?
[INFO] [stdout]   --> src/lib.rs:76:50
[INFO] [stdout]    |
[INFO] [stdout] 76 |         let mut reader = crate::data::bitreader::BitReader::new(&mut bytes, 24);
[INFO] [stdout]    |                                                  ^^^^^^^^^ not found in `crate::data::bitreader`
[INFO] [stdout]    |
[INFO] [stdout] help: consider importing this struct
[INFO] [stdout]    |
[INFO] [stdout] 38 |     use bitstream_io::BitReader;
[INFO] [stdout]    |
[INFO] [stdout] 
[INFO] [stdout] 
[INFO] [stdout] error[E0433]: failed to resolve: maybe a missing crate `data`?
[INFO] [stdout]   --> src/lib.rs:85:39
[INFO] [stdout]    |
[INFO] [stdout] 85 |         let mut reader = crate::data::BitReader::new(&mut bits, 8);
[INFO] [stdout]    |                                       ^^^^^^^^^ not found in `crate::data`
[INFO] [stdout]    |
[INFO] [stdout] help: consider importing this struct
[INFO] [stdout]    |
[INFO] [stdout] 38 |     use bitstream_io::BitReader;
[INFO] [stdout]    |
[INFO] [stdout] 
[INFO] [stdout] 
[INFO] [stdout] error[E0433]: failed to resolve: maybe a missing crate `data`?
[INFO] [stdout]   --> src/lib.rs:95:39
[INFO] [stdout]    |
[INFO] [stdout] 95 |         let mut reader = crate::data::BitReader::new(&mut (bits), 8);
[INFO] [stdout]    |                                       ^^^^^^^^^ not found in `crate::data`
[INFO] [stdout]    |
[INFO] [stdout] help: consider importing this struct
[INFO] [stdout]    |
[INFO] [stdout] 38 |     use bitstream_io::BitReader;
[INFO] [stdout]    |
[INFO] [stdout] 
[INFO] [stdout] 
[INFO] [stdout] error[E0433]: failed to resolve: maybe a missing crate `data`?
[INFO] [stdout]   --> src/lib.rs:96:40
[INFO] [stdout]    |
[INFO] [stdout] 96 |         let mut reader1 = crate::data::BitReader::new(&mut (bits2), 8);
[INFO] [stdout]    |                                        ^^^^^^^^^ not found in `crate::data`
[INFO] [stdout]    |
[INFO] [stdout] help: consider importing this struct
[INFO] [stdout]    |
[INFO] [stdout] 38 |     use bitstream_io::BitReader;
[INFO] [stdout]    |
[INFO] [stdout] 
[INFO] [stdout] 
[INFO] [stdout] error[E0433]: failed to resolve: maybe a missing crate `data`?
[INFO] [stdout]    --> src/lib.rs:104:39
[INFO] [stdout]     |
[INFO] [stdout] 104 |         let mut reader = crate::data::BitReader::new(&mut (bits), 16);
[INFO] [stdout]     |                                       ^^^^^^^^^ not found in `crate::data`
[INFO] [stdout]     |
[INFO] [stdout] help: consider importing this struct
[INFO] [stdout]     |
[INFO] [stdout] 38  |     use bitstream_io::BitReader;
[INFO] [stdout]     |
[INFO] [stdout] 
[INFO] [stdout] 
[INFO] [stdout] error[E0425]: cannot find function, tuple struct or tuple variant `FVector` in this scope
[INFO] [stdout]    --> src/lib.rs:125:47
[INFO] [stdout]     |
[INFO] [stdout] 125 |         assert_eq!(b1.read_vector().unwrap(), FVector(0.998435020446777, 1 as f32, 1 as f32));
[INFO] [stdout]     |                                               ^^^^^^^ not found in this scope
[INFO] [stdout] 
[INFO] [stdout] 
[INFO] [stdout] error[E0425]: cannot find function, tuple struct or tuple variant `FVector` in this scope
[INFO] [stdout]    --> src/lib.rs:126:47
[INFO] [stdout]     |
[INFO] [stdout] 126 |         assert_eq!(b2.read_vector().unwrap(), FVector(0.99819678068161, 1.00026643276215, 1 as f32));
[INFO] [stdout]     |                                               ^^^^^^^ not found in this scope
[INFO] [stdout] 
[INFO] [stdout] 
[INFO] [stdout] error[E0425]: cannot find function, tuple struct or tuple variant `FVector` in this scope
[INFO] [stdout]    --> src/lib.rs:146:59
[INFO] [stdout]     |
[INFO] [stdout] 120 |     fn fvector() {
[INFO] [stdout]     |     ------------ similarly named constant `fvector` defined here
[INFO] [stdout] ...
[INFO] [stdout] 146 |         assert_eq!(a.read_packed_vector(10, 24).unwrap(), FVector(176286 as f32, -167520 as f32, -2618 as f32));
[INFO] [stdout]     |                                                           ^^^^^^^ help: a constant with a similar name exists (notice the capitalization): `fvector`
[INFO] [stdout] 
[INFO] [stdout] 
[INFO] [stdout] error[E0425]: cannot find function, tuple struct or tuple variant `FVector` in this scope
[INFO] [stdout]    --> src/lib.rs:147:59
[INFO] [stdout]     |
[INFO] [stdout] 120 |     fn fvector() {
[INFO] [stdout]     |     ------------ similarly named constant `fvector` defined here
[INFO] [stdout] ...
[INFO] [stdout] 147 |         assert_eq!(b.read_packed_vector(10, 24).unwrap(), FVector(181237 as f32, -172272 as f32, -2235 as f32));
[INFO] [stdout]     |                                                           ^^^^^^^ help: a constant with a similar name exists (notice the capitalization): `fvector`
[INFO] [stdout] 
[INFO] [stdout] 
[INFO] [stdout] error[E0425]: cannot find function, tuple struct or tuple variant `FVector` in this scope
[INFO] [stdout]    --> src/lib.rs:148:60
[INFO] [stdout]     |
[INFO] [stdout] 120 |     fn fvector() {
[INFO] [stdout]     |     ------------ similarly named constant `fvector` defined here
[INFO] [stdout] ...
[INFO] [stdout] 148 |         assert_eq!(c.read_packed_vector(100, 30).unwrap(), FVector(179955 as f32, -181401 as f32, -2192 as f32));
[INFO] [stdout]     |                                                            ^^^^^^^ help: a constant with a similar name exists (notice the capitalization): `fvector`
[INFO] [stdout] 
[INFO] [stdout] 
[INFO] [stdout] error[E0425]: cannot find function, tuple struct or tuple variant `FVector` in this scope
[INFO] [stdout]    --> src/lib.rs:149:60
[INFO] [stdout]     |
[INFO] [stdout] 120 |     fn fvector() {
[INFO] [stdout]     |     ------------ similarly named constant `fvector` defined here
[INFO] [stdout] ...
[INFO] [stdout] 149 |         assert_eq!(d.read_packed_vector(100, 30).unwrap(), FVector(188546 as f32, -175249 as f32, -2610 as f32));
[INFO] [stdout]     |                                                            ^^^^^^^ help: a constant with a similar name exists (notice the capitalization): `fvector`
[INFO] [stdout] 
[INFO] [stdout] 
[INFO] [stdout] error[E0425]: cannot find function, tuple struct or tuple variant `FVector` in this scope
[INFO] [stdout]    --> src/lib.rs:150:58
[INFO] [stdout]     |
[INFO] [stdout] 120 |     fn fvector() {
[INFO] [stdout]     |     ------------ similarly named constant `fvector` defined here
[INFO] [stdout] ...
[INFO] [stdout] 150 |         assert_eq!(e.read_packed_vector(1, 24).unwrap(), FVector(0 as f32, 0 as f32, 0 as f32))
[INFO] [stdout]     |                                                          ^^^^^^^ help: a constant with a similar name exists (notice the capitalization): `fvector`
[INFO] [stdout] 
[INFO] [stdout] 
[INFO] [stdout] error[E0425]: cannot find function, tuple struct or tuple variant `NetworkGUID` in this scope
[INFO] [stdout]    --> src/lib.rs:155:20
[INFO] [stdout]     |
[INFO] [stdout] 155 |         assert_eq!(NetworkGUID(1u32), NetworkGUID(1u32));
[INFO] [stdout]     |                    ^^^^^^^^^^^ not found in this scope
[INFO] [stdout]     |
[INFO] [stdout] help: consider importing this unit variant
[INFO] [stdout]     |
[INFO] [stdout] 38  |     use crate::uetypes::UnrealName::NetworkGUID;
[INFO] [stdout]     |
[INFO] [stdout] 
[INFO] [stdout] 
[INFO] [stdout] error[E0425]: cannot find function, tuple struct or tuple variant `NetworkGUID` in this scope
[INFO] [stdout]    --> src/lib.rs:155:39
[INFO] [stdout]     |
[INFO] [stdout] 155 |         assert_eq!(NetworkGUID(1u32), NetworkGUID(1u32));
[INFO] [stdout]     |                                       ^^^^^^^^^^^ not found in this scope
[INFO] [stdout]     |
[INFO] [stdout] help: consider importing this unit variant
[INFO] [stdout]     |
[INFO] [stdout] 38  |     use crate::uetypes::UnrealName::NetworkGUID;
[INFO] [stdout]     |
[INFO] [stdout] 
[INFO] [stdout] 
[INFO] [stdout] error[E0425]: cannot find function, tuple struct or tuple variant `NetworkGUID` in this scope
[INFO] [stdout]    --> src/lib.rs:156:20
[INFO] [stdout]     |
[INFO] [stdout] 156 |         assert_ne!(NetworkGUID(1u32), NetworkGUID(0u32));
[INFO] [stdout]     |                    ^^^^^^^^^^^ not found in this scope
[INFO] [stdout]     |
[INFO] [stdout] help: consider importing this unit variant
[INFO] [stdout]     |
[INFO] [stdout] 38  |     use crate::uetypes::UnrealName::NetworkGUID;
[INFO] [stdout]     |
[INFO] [stdout] 
[INFO] [stdout] 
[INFO] [stdout] error[E0425]: cannot find function, tuple struct or tuple variant `NetworkGUID` in this scope
[INFO] [stdout]    --> src/lib.rs:156:39
[INFO] [stdout]     |
[INFO] [stdout] 156 |         assert_ne!(NetworkGUID(1u32), NetworkGUID(0u32));
[INFO] [stdout]     |                                       ^^^^^^^^^^^ not found in this scope
[INFO] [stdout]     |
[INFO] [stdout] help: consider importing this unit variant
[INFO] [stdout]     |
[INFO] [stdout] 38  |     use crate::uetypes::UnrealName::NetworkGUID;
[INFO] [stdout]     |
[INFO] [stdout] 
[INFO] [stdout] 
[INFO] [stdout] warning: unused import: `Cursor`
[INFO] [stdout]  --> src/fnchunk.rs:2:21
[INFO] [stdout]   |
[INFO] [stdout] 2 | use std::io::{Read, Cursor};
[INFO] [stdout]   |                     ^^^^^^
[INFO] [stdout]   |
[INFO] [stdout]   = note: `#[warn(unused_imports)]` on by default
[INFO] [stdout] 
[INFO] [stdout] 
[INFO] [stdout] warning: unused imports: `FixintEncoding`, `VarintEncoding`
[INFO] [stdout]  --> src/uetypes.rs:6:23
[INFO] [stdout]   |
[INFO] [stdout] 6 | use bincode::config::{VarintEncoding, FixintEncoding};
[INFO] [stdout]   |                       ^^^^^^^^^^^^^^  ^^^^^^^^^^^^^^
[INFO] [stdout] 
[INFO] [stdout] 
[INFO] [stdout] warning: unused import: `bincode::Options`
[INFO] [stdout]   --> src/uetypes.rs:12:5
[INFO] [stdout]    |
[INFO] [stdout] 12 | use bincode::Options;
[INFO] [stdout]    |     ^^^^^^^^^^^^^^^^
[INFO] [stdout] 
[INFO] [stdout] 
[INFO] [stdout] warning: unused import: `UReplay`
[INFO] [stdout]  --> src/uchunk.rs:1:29
[INFO] [stdout]   |
[INFO] [stdout] 1 | use crate::ureplay::{Chunk, UReplay};
[INFO] [stdout]   |                             ^^^^^^^
[INFO] [stdout] 
[INFO] [stdout] 
[INFO] [stdout] warning: unused import: `std::io::Read`
[INFO] [stdout]  --> src/uchunk.rs:7:5
[INFO] [stdout]   |
[INFO] [stdout] 7 | use std::io::Read;
[INFO] [stdout]   |     ^^^^^^^^^^^^^
[INFO] [stdout] 
[INFO] [stdout] 
[INFO] [stdout] warning: unused import: `BlockCipher`
[INFO] [stdout]  --> src/uchunk.rs:8:46
[INFO] [stdout]   |
[INFO] [stdout] 8 | use aes_soft::block_cipher::{NewBlockCipher, BlockCipher};
[INFO] [stdout]   |                                              ^^^^^^^^^^^
[INFO] [stdout] 
[INFO] [stdout] 
[INFO] [stdout] warning: unused import: `aes_soft::block_cipher::generic_array::GenericArray`
[INFO] [stdout]  --> src/uchunk.rs:9:5
[INFO] [stdout]   |
[INFO] [stdout] 9 | use aes_soft::block_cipher::generic_array::GenericArray;
[INFO] [stdout]   |     ^^^^^^^^^^^^^^^^^^^^^^^^^^^^^^^^^^^^^^^^^^^^^^^^^^^
[INFO] [stdout] 
[INFO] [stdout] 
[INFO] [stdout] warning: unused import: `Aes128`
[INFO] [stdout]   --> src/uchunk.rs:11:16
[INFO] [stdout]    |
[INFO] [stdout] 11 | use aes_soft::{Aes128, Aes256};
[INFO] [stdout]    |                ^^^^^^
[INFO] [stdout] 
[INFO] [stdout] 
[INFO] [stdout] warning: unused import: `bincode::ErrorKind`
[INFO] [stdout]   --> src/uchunk.rs:13:5
[INFO] [stdout]    |
[INFO] [stdout] 13 | use bincode::ErrorKind;
[INFO] [stdout]    |     ^^^^^^^^^^^^^^^^^^
[INFO] [stdout] 
[INFO] [stdout] 
[INFO] [stdout] warning: unused import: `bitstream_io::LittleEndian`
[INFO] [stdout]   --> src/lib.rs:43:9
[INFO] [stdout]    |
[INFO] [stdout] 43 |     use bitstream_io::LittleEndian;
[INFO] [stdout]    |         ^^^^^^^^^^^^^^^^^^^^^^^^^^
[INFO] [stdout] 
[INFO] [stdout] 
[INFO] [stdout] warning: unused import: `std::io::Read`
[INFO] [stdout]   --> src/lib.rs:44:9
[INFO] [stdout]    |
[INFO] [stdout] 44 |     use std::io::Read;
[INFO] [stdout]    |         ^^^^^^^^^^^^^
[INFO] [stdout] 
[INFO] [stdout] 
[INFO] [stdout] warning: unused import: `std::fmt::Write`
[INFO] [stdout]  --> src/uetypes.rs:5:5
[INFO] [stdout]   |
[INFO] [stdout] 5 | use std::fmt::Write;
[INFO] [stdout]   |     ^^^^^^^^^^^^^^^
[INFO] [stdout] 
[INFO] [stdout] 
[INFO] [stdout] warning: unused import: `NewBlockCipher`
[INFO] [stdout]  --> src/uchunk.rs:8:30
[INFO] [stdout]   |
[INFO] [stdout] 8 | use aes_soft::block_cipher::{NewBlockCipher, BlockCipher};
[INFO] [stdout]   |                              ^^^^^^^^^^^^^^
[INFO] [stdout] 
[INFO] [stdout] 
[INFO] [stdout] error: aborting due to 3 previous errors; 11 warnings emitted
[INFO] [stdout] 
[INFO] [stdout] 
[INFO] [stdout] Some errors have detailed explanations: E0432, E0433.
[INFO] [stdout] 
[INFO] [stdout] For more information about an error, try `rustc --explain E0432`.
[INFO] [stdout] 
[INFO] [stderr] error: could not compile `replayskimmer`.
[INFO] [stderr] 
[INFO] [stderr] To learn more, run the command again with --verbose.
[INFO] [stderr] warning: build failed, waiting for other jobs to finish...
[INFO] [stdout] error[E0599]: no method named `remove_all_path_prefixes` found for struct `std::string::String` in the current scope
[INFO] [stdout]    --> src/lib.rs:161:146
[INFO] [stdout]     |
[INFO] [stdout] 161 | ...6.Prop_RockPile_06_C".to_string().remove_all_path_prefixes());
[INFO] [stdout]     |                                      ^^^^^^^^^^^^^^^^^^^^^^^^ method not found in `std::string::String`
[INFO] [stdout] 
[INFO] [stdout] 
[INFO] [stdout] error[E0599]: no method named `remove_all_path_prefixes` found for struct `std::string::String` in the current scope
[INFO] [stdout]    --> src/lib.rs:162:132
[INFO] [stdout]     |
[INFO] [stdout] 162 | ...irW.PBWA_W1_StairW_C".to_string().remove_all_path_prefixes());
[INFO] [stdout]     |                                      ^^^^^^^^^^^^^^^^^^^^^^^^ method not found in `std::string::String`
[INFO] [stdout] 
[INFO] [stdout] 
[INFO] [stdout] error[E0599]: no method named `remove_all_path_prefixes` found for struct `std::string::String` in the current scope
[INFO] [stdout]    --> src/lib.rs:163:158
[INFO] [stdout]     |
[INFO] [stdout] 163 | ...un_Standard_Athena_C".to_string().remove_all_path_prefixes());
[INFO] [stdout]     |                                      ^^^^^^^^^^^^^^^^^^^^^^^^ method not found in `std::string::String`
[INFO] [stdout] 
[INFO] [stdout] 
[INFO] [stdout] error[E0599]: no method named `remove_all_path_prefixes` found for struct `std::string::String` in the current scope
[INFO] [stdout]    --> src/lib.rs:164:223
[INFO] [stdout]     |
[INFO] [stdout] 164 | ...un_Standard_Athena_C".to_string().remove_all_path_prefixes())
[INFO] [stdout]     |                                      ^^^^^^^^^^^^^^^^^^^^^^^^ method not found in `std::string::String`
[INFO] [stdout] 
[INFO] [stdout] 
[INFO] [stdout] error[E0599]: no method named `clean_path_suffix` found for struct `std::string::String` in the current scope
[INFO] [stdout]    --> src/lib.rs:169:70
[INFO] [stdout]     |
[INFO] [stdout] 169 |         assert_eq!("LF_7x12_Parent", "LF_7x12_Parent2_2".to_string().clean_path_suffix());
[INFO] [stdout]     |                                                                      ^^^^^^^^^^^^^^^^^ method not found in `std::string::String`
[INFO] [stdout] 
[INFO] [stdout] 
[INFO] [stdout] error[E0599]: no method named `clean_path_suffix` found for struct `std::string::String` in the current scope
[INFO] [stdout]    --> src/lib.rs:170:77
[INFO] [stdout]     |
[INFO] [stdout] 170 |         assert_eq!("LF_Athena_POI_25x", "LF_Athena_POI_25x31_5".to_string().clean_path_suffix());
[INFO] [stdout]     |                                                                             ^^^^^^^^^^^^^^^^^ method not found in `std::string::String`
[INFO] [stdout] 
[INFO] [stdout] 
[INFO] [stdout] error[E0599]: no method named `clean_path_suffix` found for struct `std::string::String` in the current scope
[INFO] [stdout]    --> src/lib.rs:171:82
[INFO] [stdout]     |
[INFO] [stdout] 171 |         assert_eq!("Apollo_Tree_RedAlder", "Apollo_Tree_RedAlder248".to_string().clean_path_suffix());
[INFO] [stdout]     |                                                                                  ^^^^^^^^^^^^^^^^^ method not found in `std::string::String`
[INFO] [stdout] 
[INFO] [stdout] 
[INFO] [stdout] error[E0599]: no method named `clean_path_suffix` found for struct `std::string::String` in the current scope
[INFO] [stdout]    --> src/lib.rs:172:86
[INFO] [stdout]     |
[INFO] [stdout] 172 |         assert_eq!("Apllo_Tree_Birch_Large", "Apllo_Tree_Birch_Large175".to_string().clean_path_suffix());
[INFO] [stdout]     |                                                                                      ^^^^^^^^^^^^^^^^^ method not found in `std::string::String`
[INFO] [stdout] 
[INFO] [stdout] 
[INFO] [stdout] error[E0599]: no method named `clean_path_suffix` found for struct `std::string::String` in the current scope
[INFO] [stdout]    --> src/lib.rs:173:105
[INFO] [stdout]     |
[INFO] [stdout] 173 |         assert_eq!("FortTeamPrivateInfo_ClassNetCache", "FortTeamPrivateInfo_ClassNetCache".to_string().clean_path_suffix())
[INFO] [stdout]     |                                                                                                         ^^^^^^^^^^^^^^^^^ method not found in `std::string::String`
[INFO] [stdout] 
[INFO] [stdout] 
[INFO] [stdout] error[E0599]: no method named `remove_path_prefix` found for struct `std::string::String` in the current scope
[INFO] [stdout]    --> src/lib.rs:178:80
[INFO] [stdout]     |
[INFO] [stdout] 178 |         assert_eq!("FortPickupAthena", "Default__FortPickupAthena".to_string().remove_path_prefix("Default__".to_string()));
[INFO] [stdout]     |                                                                                ^^^^^^^^^^^^^^^^^^ method not found in `std::string::String`
[INFO] [stdout] 
[INFO] [stdout] 
[INFO] [stdout] error[E0599]: no method named `remove_path_prefix` found for struct `std::string::String` in the current scope
[INFO] [stdout]    --> src/lib.rs:179:80
[INFO] [stdout]     |
[INFO] [stdout] 179 |         assert_eq!("AthenaAircraft_C", "Default__AthenaAircraft_C".to_string().remove_path_prefix("Default__".to_string()));
[INFO] [stdout]     |                                                                                ^^^^^^^^^^^^^^^^^^ method not found in `std::string::String`
[INFO] [stdout] 
[INFO] [stdout] 
[INFO] [stdout] error[E0599]: no method named `remove_path_prefix` found for struct `std::string::String` in the current scope
[INFO] [stdout]    --> src/lib.rs:180:105
[INFO] [stdout]     |
[INFO] [stdout] 180 | ...ivateInfo_ClassNetCache".to_string().remove_path_prefix("Default__".to_string()));
[INFO] [stdout]     |                                         ^^^^^^^^^^^^^^^^^^ method not found in `std::string::String`
[INFO] [stdout] 
[INFO] [stdout] 
[INFO] [stdout] error[E0599]: no method named `remove_path_prefix` found for struct `std::string::String` in the current scope
[INFO] [stdout]    --> src/lib.rs:181:57
[INFO] [stdout]     |
[INFO] [stdout] 181 |         assert_eq!("DamageSet", "DamageSet".to_string().remove_path_prefix("Default__".to_string()));
[INFO] [stdout]     |                                                         ^^^^^^^^^^^^^^^^^^ method not found in `std::string::String`
[INFO] [stdout] 
[INFO] [stdout] 
[INFO] [stdout] error[E0599]: no method named `remove_path_prefix` found for struct `std::string::String` in the current scope
[INFO] [stdout]    --> src/lib.rs:182:86
[INFO] [stdout]     |
[INFO] [stdout] 182 |         assert_eq!("_ClassNetCache", "FortTeamPrivateInfo_ClassNetCache".to_string().remove_path_prefix("FortTeamPrivateInfo".to_string()));
[INFO] [stdout]     |                                                                                      ^^^^^^^^^^^^^^^^^^ method not found in `std::string::String`
[INFO] [stdout] 
[INFO] [stdout] 
[INFO] [stdout] error[E0599]: no method named `remove_path_prefix` found for struct `std::string::String` in the current scope
[INFO] [stdout]    --> src/lib.rs:183:51
[INFO] [stdout]     |
[INFO] [stdout] 183 |         assert_eq!("Set", "DamageSet".to_string().remove_path_prefix("Damage".to_string()));
[INFO] [stdout]     |                                                   ^^^^^^^^^^^^^^^^^^ method not found in `std::string::String`
[INFO] [stdout] 
[INFO] [stdout] 
[INFO] [stdout] error[E0599]: no method named `remove_path_prefix` found for struct `std::string::String` in the current scope
[INFO] [stdout]    --> src/lib.rs:184:57
[INFO] [stdout]     |
[INFO] [stdout] 184 |         assert_eq!("DamageSet", "DamageSet".to_string().remove_path_prefix("".to_string()));
[INFO] [stdout]     |                                                         ^^^^^^^^^^^^^^^^^^ method not found in `std::string::String`
[INFO] [stdout] 
[INFO] [stdout] 
[INFO] [stdout] warning: unused import: `std::fmt::Write`
[INFO] [stdout]  --> src/uetypes.rs:5:5
[INFO] [stdout]   |
[INFO] [stdout] 5 | use std::fmt::Write;
[INFO] [stdout]   |     ^^^^^^^^^^^^^^^
[INFO] [stdout] 
[INFO] [stdout] 
[INFO] [stdout] warning: unused import: `NewBlockCipher`
[INFO] [stdout]  --> src/uchunk.rs:8:30
[INFO] [stdout]   |
[INFO] [stdout] 8 | use aes_soft::block_cipher::{NewBlockCipher, BlockCipher};
[INFO] [stdout]   |                              ^^^^^^^^^^^^^^
[INFO] [stdout] 
[INFO] [stdout] 
[INFO] [stdout] warning: unused import: `crate::uetypes::UEReadExt`
[INFO] [stdout]   --> src/lib.rs:41:9
[INFO] [stdout]    |
[INFO] [stdout] 41 |     use crate::uetypes::UEReadExt;
[INFO] [stdout]    |         ^^^^^^^^^^^^^^^^^^^^^^^^^
[INFO] [stdout] 
[INFO] [stdout] 
[INFO] [stdout] error: aborting due to 40 previous errors; 14 warnings emitted
[INFO] [stdout] 
[INFO] [stdout] 
[INFO] [stdout] Some errors have detailed explanations: E0425, E0432, E0433, E0599.
[INFO] [stdout] 
[INFO] [stdout] For more information about an error, try `rustc --explain E0425`.
[INFO] [stdout] 
[INFO] [stderr] error: build failed
[INFO] running `Command { std: "docker" "inspect" "11bdde99a5a6439f48a25bff84747690c38d5949ca25c3a50c160700f0ee2fe5", kill_on_drop: false }`
[INFO] running `Command { std: "docker" "rm" "-f" "11bdde99a5a6439f48a25bff84747690c38d5949ca25c3a50c160700f0ee2fe5", kill_on_drop: false }`
[INFO] [stdout] 11bdde99a5a6439f48a25bff84747690c38d5949ca25c3a50c160700f0ee2fe5
